+ 0*q - 2 + q. List the prime factors of v(4).
2, 11
Let b be 1/(3/(-23))*-3. Suppose -78 + b = -5*k. Let u = 23 - k. What are the prime factors of u?
2, 3
Let h(w) = -w. Let a be h(-2). List the prime factors of (a - 1)/((-1)/(-14)).
2, 7
List the prime factors of (-2)/(9/((-1845)/10)).
41
Let j be 3/6 - 2/4. Let p(w) = -w + 3. Let k be p(j). List the prime factors of k*((-13)/(-3) + -1).
2, 5
Suppose 8 = 5*n - 17. Suppose -n*z = -59 - 1. Suppose m + 0 = z. What are the prime factors of m?
2, 3
Let l = 299 + -200. List the prime factors of l.
3, 11
Let r = 32 + -15. Suppose 5*k + r = -4*o + 116, 0 = 2*k + 3*o - 41. Let n = k - 13. What are the prime factors of n?
2, 3
Suppose q - 3*v = -3*q + 282, 0 = -5*v + 10. What are the prime factors of q?
2, 3
Suppose 5*d + 3 = 18. Suppose d*c + 135 = -2*c. Let z = -8 - c. What are the prime factors of z?
19
Suppose 2*v = v + 18. What are the prime factors of v?
2, 3
Let w be (1/(-2) + 0)*2. Let m be (1 - 4) + (w - -4). Suppose -a + 90 = 5*i, m = -3*i - a - 0*a + 54. List the prime factors of i.
2, 3
Suppose -2*t + 5 = 1. Suppose 3*o + u = 48, t*o = -o + 3*u + 48. List the prime factors of o.
2
List the prime factors of (-2)/5 - 54/(-10).
5
Let v(b) = 6*b**2 - 17*b + 33. What are the prime factors of v(8)?
281
Suppose l = 4*l. Suppose 5*v + 0*v - 25 = l. What are the prime factors of v?
5
Let d(z) = -z**3 + 6*z**2 + 3*z - 9. What are the prime factors of d(4)?
5, 7
Let c(r) = -4*r + 18. Let t be c(6). List the prime factors of (96/9)/((-2)/t).
2
Let y be (3/(-6) - 0)*2. Let b(t) be the first derivative of -6*t**2 - t - 1. List the prime factors of b(y).
11
Let c(x) = -x**3 - 20*x**2 - 27*x + 26. List the prime factors of c(-19).
2, 89
Let q(f) = 1. Let c(o) = -o - 7. Let y(m) = -c(m) + 6*q(m). Let r = -74 - -64. List the prime factors of y(r).
3
Let h(v) = -v**2 - 6*v + 2. Let s be h(-6). Suppose 16 = 3*p - s*p. What are the prime factors of p?
2
Let q = -104 + 181. List the prime factors of q.
7, 11
Let x(z) = -z**3 + z**2 - 3*z - 2. Let g(n) = n**3 + 3*n + 2. Let o(s) = 6*g(s) + 5*x(s). What are the prime factors of o(-4)?
2, 3
Suppose -5*x - 8 = 3*h - 0*h, 0 = 3*h - 12. Let f be 396/(-15) - x/10. What are the prime factors of f/(-3) + (-4)/6?
2
Let q be (5/15)/(1/18). Let m(a) = -a - 2. Let g be m(q). Let i = 29 + g. List the prime factors of i.
3, 7
Let f(q) = 72*q**2 - q. Let a be f(-1). Suppose -3*l + 79 = -2*g, 0 = -4*l - 2*g + 9 + a. List the prime factors of l.
23
Suppose 4*v - v = 3*k - 468, 0 = -4*k - 3*v + 610. What are the prime factors of 28/k - 1162/(-22)?
53
Suppose -n + 4*s - 10 = -27, 5*n - 5*s = 25. Let i(z) = 9*z**3 - 3*z**3 + 1 - z**2 + 4*z**3. What are the prime factors of i(n)?
2, 5
Let g(i) = -i + 11. What are the prime factors of g(8)?
3
Let s(l) = -5*l - 2. Let o be s(7). List the prime factors of (3 - o)/2 + 0.
2, 5
Let w = -15 + 29. Suppose -y - y + w = 0. What are the prime factors of y?
7
Let m = -6 + 6. Suppose 5*h + 21 = 2*n, m = -5*n + 4*n - 4*h - 9. Suppose 0 = 5*z - d - 106, -53 = -n*z + 2*d + 12. List the prime factors of z.
3, 7
Let l = -45 + 73. List the prime factors of l.
2, 7
Let k = -51 + 75. What are the prime factors of k?
2, 3
Suppose l + 1 = -0. Let a = 1 + l. List the prime factors of (-9)/(-3) - a/1.
3
Let k(o) = o**2 - 6*o - 2. List the prime factors of k(12).
2, 5, 7
Let t(u) = -u**3 - 4*u**2 + 5*u - 1. Let z be t(-4). Let i = z + 40. Suppose o - i = -2*x + 5, -5*x + 60 = -4*o. What are the prime factors of x?
2, 3
Let n = 223 + -103. What are the prime factors of n?
2, 3, 5
Suppose -4 - 1 = l. Let a = l + 15. List the prime factors of a.
2, 5
Let c(s) = s**3 + 9*s**2 + 4*s + 9. List the prime factors of c(-8).
41
Let t(u) be the first derivative of 2*u**3/3 + 7*u**2/2 - 9*u + 5. List the prime factors of t(-7).
2, 5
Suppose 11*b = -173 + 448. List the prime factors of b.
5
Let w(g) = g**3 - 7*g**2 + g + 9. Let q(j) = 7*j**2 + j - 1. Let v be q(1). Let c be w(v). Suppose c = 3*m + m. List the prime factors of m.
2
Let p(m) = -3*m - 12. Suppose -27 = 3*k + 3*r, -k - 15 = 5*r - 2. List the prime factors of p(k).
2, 3
Suppose 0 = -3*n - 9, 10*g - 5*g = n + 1093. List the prime factors of g.
2, 109
Let w(c) = c**3 - 4*c**2 - 2*c - 5. Let k be w(5). Suppose -k = 4*q + 4*d - 2*d, d - 20 = 3*q. What are the prime factors of 14 + q/((-15)/6)?
2
Suppose -5*s = -4*g - 232, -3*s + 60 + 94 = 5*g. List the prime factors of s.
2, 3
Let k = -4 - -8. Suppose -55 - 5 = -k*g. What are the prime factors of g?
3, 5
Let f(t) = -11*t + 10. List the prime factors of f(-6).
2, 19
Suppose 138 = 3*i - 33. What are the prime factors of i?
3, 19
List the prime factors of ((-972)/63)/(2/(-14)).
2, 3
Suppose 0 = 4*b - 42 + 10. What are the prime factors of b?
2
Suppose -3*z + 229 = -23. List the prime factors of z.
2, 3, 7
Suppose 0 = 4*p - 165 + 29. What are the prime factors of p?
2, 17
Let d be (-24)/(-14) - 10/(-35). Suppose -13 = -d*q + 41. What are the prime factors of q?
3
Let v(u) = -u**3 + 4*u**2 - 3*u + 5. Let a be v(4). Let z = a + 7. Suppose -30 = -4*o + b + 20, z = -b - 2. What are the prime factors of o?
2, 3
Let d(r) be the second derivative of -r**5/20 - r**4/3 - 2*r**3/3 + 3*r**2/2 - r. List the prime factors of d(-4).
19
Suppose -2*y = -d - 74, 3*d + 258 - 75 = 5*y. What are the prime factors of y?
3, 13
Let x be (-12)/(-18) + 8/(-3). Let a be -4*x*(-2)/8. Let h = a + 7. List the prime factors of h.
5
Suppose 3 = 4*u + 3*q - 9, 5*q = 20. Suppose u = -2*o + 3 + 3. Suppose -d = -o*c + 3*d - 10, c + 18 = 5*d. List the prime factors of c.
2
Let o(f) = -4*f**3 - 12*f**2 + f - 14. Let m(s) = -11*s**3 - 37*s**2 + 3*s - 42. Let r(u) = -3*m(u) + 8*o(u). What are the prime factors of r(-15)?
29
List the prime factors of 15*(-3)/(-9)*31.
5, 31
Suppose -4*d = 3*o - 296, -3*d - 3*o = -2*d - 83. List the prime factors of d.
71
Suppose -5*b + 5*w + 49 = -1, 0 = -b + 5*w + 6. Suppose 4*i - 2*y - 12 = 0, -3*i + b = -0*y - y. Suppose 0*r - i*r + 35 = 0. List the prime factors of r.
7
Suppose 3*w - 151 = 5*f - 480, 0 = 2*w + 6. What are the prime factors of f?
2
Let b(v) = -3 + 2 + 6*v + 3. Suppose -2*n = 4*h + n - 8, 0 = -h + n + 2. What are the prime factors of b(h)?
2, 7
Let g(r) = -r**3 - 8*r**2 + r + 7. Let i be g(-8). Let f be 6 + i/(1/(-1)). Let q(n) = n**2 - 5*n - 6. What are the prime factors of q(f)?
2
Let l be ((-14)/4)/((-3)/(-18)). What are the prime factors of 8/(-6)*l/14?
2
Let s(g) = 2*g**2 + g + 1. Let o(b) = -b**2 - 6*b - 3. Let c be o(-5). Let x be s(c). Suppose -2 + x = 3*l. What are the prime factors of l?
3
Let u be 0 - (-6 + (1 - 3)). List the prime factors of 2/u + (-23)/(-4).
2, 3
Let s(m) = -m**3 - 4*m**2 + 5*m + 3. Let r(x) = x**3 + 6*x**2 - x - 8. Let p be r(-6). Let q(l) = 3*l + 1. Let d be q(p). List the prime factors of s(d).
3
Let k = -38 + 158. What are the prime factors of k?
2, 3, 5
Suppose -5*v + 5*c + 25 = 0, 3*c + 18 = 4*v + 1. Suppose 0 = -2*r + 4*y + 34, v*r - 2*y = 13 + 17. List the prime factors of r + (1 - 0) + 0.
2, 7
Let j(a) = a**3 - 3*a**2 + 4*a - 4. Let o be j(3). Let i = 29 - 26. Suppose i*y - 28 = o. What are the prime factors of y?
2, 3
Let z be (-2)/(-11) + 108/11. Let j(o) = -2*o - 6. Let g be j(z). Let v = g + 38. What are the prime factors of v?
2, 3
Suppose u + 2*y - 124 = -2*y, -2 = y. List the prime factors of u.
2, 3, 11
List the prime factors of (-1 + 5)*1 + 3.
7
Let w = -14 - -18. List the prime factors of 930/21 + w/(-14).
2, 11
Suppose -j - j + 26 = 0. What are the prime factors of j?
13
Suppose 3*r + 340 = 8*r. Suppose 4*y - r - 16 = 0. Suppose -y - 3 = -2*n. What are the prime factors of n?
2, 3
Let w = -8 - -14. List the prime factors of w/27 - (-34)/9.
2
Suppose 6*c - 368 = 4*c. List the prime factors of c.
2, 23
Let j(f) = f**3 - 2*f**2 - 7*f + 4. List the prime factors of j(5).
2, 11
Suppose 0 = -7*o + 19 + 2. Suppose -17 = -o*q - d + 95, 5*q - d = 192. List the prime factors of q.
2, 19
Let x(v) = 35*v - 6. Let p be x(6). Suppose 3*s = -s + p. List the prime factors of s.
3, 17
Let p = -74 - -110. What are the prime factors of -15*2*p/(-40)?
3
Let f = 4 - -7. What are the prime factors of f?
11
Let c(d) = 39*d**2 + 2*d - 1. List the prime factors of c(1).
2, 5
Let k(o) be the second derivative of -3*o**3/2 - 2*